ighest common divisor of 74590375 and 1623.
541
Calculate the greatest common factor of 21712 and 2944.
368
What is the greatest common factor of 332 and 322827836?
332
Calculate the greatest common divisor of 1905650 and 150.
50
Calculate the greatest common divisor of 111280475 and 25.
25
What is the highest common divisor of 7820430 and 250090?
890
Calculate the highest common factor of 54523173 and 1086.
543
What is the highest common factor of 18579 and 1056751?
563
What is the greatest common divisor of 442758 and 918012?
4062
What is the highest common divisor of 22350330 and 243?
81
What is the highest common divisor of 742 and 27176068?
106
Calculate the highest common factor of 3936501 and 27.
9
What is the greatest common factor of 126224 and 927360?
2576
What is the greatest common divisor of 135825632 and 10180?
2036
What is the greatest common factor of 25400827 and 61?
61
What is the highest common factor of 30661116 and 276?
276
Calculate the highest common factor of 34128 and 286272.
144
Calculate the greatest common divisor of 1296 and 1819936.
16
Calculate the greatest common factor of 285808 and 11968.
16
What is the greatest common factor of 182 and 515060546?
182
Calculate the greatest common divisor of 13452 and 10317.
57
What is the greatest common factor of 41003018 and 868?
434
Calculate the greatest common factor of 98791 and 231.
77
What is the highest common factor of 190 and 87487010?
10
Calculate the greatest common factor of 3815948 and 28.
4
What is the greatest common factor of 36317 and 3588?
23
Calculate the highest common factor of 87683923 and 43.
43
Calculate the greatest common divisor of 123 and 4816229.
41
Calculate the highest common factor of 94694 and 169726.
226
What is the greatest common divisor of 3529824 and 13728?
96
Calculate the greatest common divisor of 5322228 and 31524.
444
Calculate the greatest common divisor of 180180 and 23826.
66
What is the greatest common divisor of 4398779 and 22?
11
What is the highest common divisor of 43038533 and 42290?
4229
Calculate the greatest common divisor of 89326932 and 12.
12
What is the highest common factor of 5 and 302711905?
5
Calculate the greatest common divisor of 1488 and 21442224.
48
What is the greatest common factor of 4848 and 2182?
2
Calculate the greatest common factor of 6355115 and 520.
65
What is the greatest common divisor of 38016 and 1427382?
594
What is the highest common divisor of 333993 and 4553054?
3839
Calculate the highest common factor of 3820 and 1975420.
20
What is the greatest common factor of 1197 and 1142109?
171
What is the highest common factor of 37381 and 2900?
29
Calculate the highest common factor of 1343 and 366797.
79
What is the highest common factor of 38 and 889067266?
38
What is the highest common factor of 671908 and 1067804?
2788
Calculate the highest common factor of 383 and 125517143.
383
Calculate the greatest common factor of 67459 and 96957857.
9637
What is the highest common divisor of 254436356 and 1396?
1396
What is the highest common divisor of 8001772478 and 854?
854
Calculate the highest common divisor of 2247 and 554013579.
2247
What is the greatest common factor of 350778 and 14934?
114
What is the highest common divisor of 646 and 1100825021?
323
What is the greatest common factor of 11536 and 11948000?
1648
Calculate the greatest common factor of 14936 and 25012199.
1867
Calculate the greatest common factor of 315 and 13727970.
45
What is the greatest common factor of 539792364 and 612?
204
Calculate the highest common factor of 81152 and 25856.
256
What is the highest common factor of 294132 and 1043178?
762
Calculate the highest common factor of 75172025 and 25.
25
What is the greatest common divisor of 28 and 863604364?
28
Calculate the highest common factor of 1575718 and 19178.
446
Calculate the highest common divisor of 31816020 and 300.
60
What is the highest common factor of 152806339 and 112?
7
Calculate the highest common divisor of 39685742 and 152114.
8006
What is the highest common factor of 27114 and 399737183?
4519
Calculate the highest common divisor of 70867931 and 5156.
1289
Calculate the highest common divisor of 965976 and 4125.
33
Calculate the highest common divisor of 2838 and 2832522.
66
What is the highest common factor of 18256 and 24822?
14
Calculate the highest common factor of 12528 and 3628422.
1566
What is the greatest common divisor of 77522 and 49594466?
934
What is the highest common factor of 293242035 and 5745?
5745
Calculate the highest common factor of 1840272 and 50778.
42
What is the greatest common divisor of 3994247 and 5959?
101
What is the greatest common factor of 525 and 3873555?
105
What is the highest common divisor of 957548 and 20?
4
What is the highest common divisor of 33 and 28991435?
11
Calculate the greatest common divisor of 5934192 and 192.
48
Calculate the greatest common divisor of 120 and 1365310.
10
Calculate the highest common divisor of 7110 and 1161221.
79
What is the greatest common divisor of 84459 and 22560?
141
What is the highest common divisor of 197355630 and 3390?
3390
Calculate the greatest common divisor of 8704216 and 8.
8
What is the greatest common divisor of 61807522 and 112?
14
What is the highest common factor of 191118 and 402069?
1803
Calculate the greatest common divisor of 39090375 and 16425.
225
Calculate the highest common factor of 680102 and 7854.
34
Calculate the highest common divisor of 63597680 and 288912.
7408
What is the greatest common divisor of 1650 and 43610550?
150
Calculate the greatest common factor of 732 and 3088796.
244
What is the highest common factor of 538746 and 78078?
78
Calculate the highest common divisor of 6354 and 10507398.
2118
Calculate the highest common factor of 80 and 2582928.
16
Calculate the greatest common divisor of 219744 and 47350254.
4578
Calculate the highest common divisor of 98 and 72558794.
14
Calculate the greatest common divisor of 28860272 and 336.
112
What is the highest common factor of 51423628 and 5056?
316
Calculate the highest common factor of 49639762 and 34.
34
What is the highest common divisor of 29198806 and 24108?
4018
Calculate the highest common divisor of 765 and 2883455.
85
What is the greatest common divisor of 230 and 9675962?
46
Calculate the highest common divisor of 514 and 27094482.
514
Calculate the greatest common factor of 2724 and 10696013.
227
Calculate the highest common factor of 178354 and 935990.
1474
Calculate the greatest common factor of 71980248 and 3726.
138
What is the greatest common divisor of 7698964 and 2080?
52
What is the greatest common divisor of 250 and 23117650?
50
Calculate the highest common divisor of 9240258 and 36768.
2298
What is the greatest common factor of 14279532 and 396744?
3252
Calculate the greatest common factor of 5728188 and 121426.
1114
What is the highest common factor of 1318 and 21184214?
1318
Calculate the greatest common divisor of 1635 and 11675208.
327
Calculate the greatest common divisor of 10773420 and 101248.
3164
Calculate the highest common divisor of 210048 and 31104.
384
Calculate the highest common divisor of 4756 and 82885436.
164
Calculate the greatest common factor of 189 and 168525273.
21
What is the highest common divisor of 3186821 and 256553?
3091
What is the highest common factor of 644 and 1241202452?
644
What is the greatest common factor of 108459771 and 57?
57
What is the highest common divisor of 57706 and 18919699?
2623
Calculate the highest common divisor of 201552 and 18544.
304
What is the greatest common factor of 27 and 72594846?
27
What is the highest common factor of 11 and 886260463?
11
Calculate the highest common divisor of 3165 and 717.
3
What is the highest common divisor of 24087276 and 16?
4
What is the highest common divisor of 3747528 and 1065873?
6789
Calculate the highest common factor of 23380954 and 127.
127
Calculate the highest common divisor of 38631 and 74181.
237
Calculate the greatest common factor of 104 and 5886296.
104
What is the highest common factor of 831 and 1004691?
3
Calculate the highest common divisor of 50 and 924538.
2
What is the greatest common divisor of 418 and 71463864?
38
Calculate the greatest common factor of 14